(-12)). Let r be m + 1 + 15 + -13. Let o be (-1)/(r/3) - 30/(-15). Give w(o).
4
Let j(f) = 28*f - 24. Let o(x) = -26*x + 22. Let y(v) = -7*j(v) - 8*o(v). What is y(3)?
28
Let u(s) = 6*s - 21 - 25 - 26 - 2 + 72. Calculate u(-1).
-8
Let k(c) = -580*c**3 - 13 - 8*c + 11 + 585*c**3 + 6*c. What is k(-3)?
-131
Let f(k) be the first derivative of -k**2/2 - 49*k - 6652. Calculate f(-33).
-16
Let s(d) be the first derivative of -1/4*d**4 - 2 - 5*d - 2*d**3 + 3*d**2. Let b be -4*(5 + 52/(-16)). Give s(b).
2
Let x = -3195 + 5271. Let s(c) = 1042*c - x*c - 6 + 1032*c. Determine s(6).
-18
Let x(c) = 3*c**3 - 33*c**2 + 70*c + 5. Let d(v) = 2*v**3 - 22*v**2 + 47*v + 5. Let b(o) = -7*d(o) + 5*x(o). Calculate b(9).
17
Let v(t) = 4*t + 2. Let b(j) = 3*j + 1. Let g(d) = 3*b(d) - 2*v(d). Let n = -320 - -312. Let m be 92/(-12) - n/12. Give g(m).
-8
Let h(n) = n**3 - 6*n**2 - 18*n - 12. Let d = 5021 + -5013. What is h(d)?
-28
Let k(m) = 4*m - 14*m + 3*m + 5*m. Let l(c) = 5*c + 1. Let y(o) = -3*k(o) - l(o). Let s(x) = x**2 + 4*x + 1. Let f be s(-5). What is y(f)?
5
Let q be 4*-1*14/(-8). Let a(i) be the third derivative of i**6/120 - i**5/10 - 5*i**4/12 + 4*i**3/3 - 2902*i**2. Give a(q).
-13
Let d(f) = -4*f - 39. Let a = 377 - 370. Let t(p) = -2*p - 18. Let m(n) = a*t(n) - 3*d(n). Calculate m(-8).
7
Let l(m) = -17*m. Let f(g) be the first derivative of -2*g**3/3 - 7*g**2/2 + 3*g + 66. Let c be f(-4). What is l(c)?
17
Let f(u) = 3*u - 1. Let q(k) = -k - 10. Let g = -2 + 44. Let l = g + -49. Let a be q(l). What is f(a)?
-10
Let f(q) = -9*q**2 + 5*q + 1. Let x(h) = 32*h**2 - 17*h - 4. Let w(t) = 7*f(t) + 2*x(t). What is w(-5)?
19
Let v(w) = -w**3 + 12*w**2 - 10*w - 16. Let j(b) = -2*b**2 + 0*b**2 + 15*b + 3*b**2 + 8*b - 13. Let l be j(-24). Calculate v(l).
-5
Let u(x) be the first derivative of -x**4/2 - x**3/6 + x**2/2 - 53*x + 52. Let g(v) be the first derivative of u(v). Give g(1).
-6
Let l = -862 + 840. Let c(d) be the second derivative of d**3/6 + 8*d**2 - 29*d + 3. What is c(l)?
-6
Let m(f) be the first derivative of f**4/2 - f**3 - 2*f**2 + 6*f - 657. What is m(4)?
70
Let l be 6 - 3129/(-147) - (-3)/((-42)/4). Let s(z) = z**3 - 27*z**2 + 2*z - 55. Calculate s(l).
-1
Let a be (-44)/(-33)*18/(-4). Let y be (-666)/36 - 9/a. Let w(g) = -2*g - 21. What is w(y)?
13
Let t be 74*(-3)/(-30) + (-6)/(-10). Let o(p) = -t*p - 5 + p**2 + 2 + 6. Determine o(7).
-4
Let h(r) = -r**2 + 13*r - 16. Let c be 15 + 3/(3/(-4)). Let y be h(c). Let z(x) = -19*x - 10. Let j(l) = 16*l + 9. Let o(k) = -6*j(k) - 5*z(k). Calculate o(y).
-10
Let p(f) be the second derivative of f**4/12 + f**3/3 - f**2/2 - 9*f. Let a be p(-3). Let t(m) = 5*m - 6*m**a - m + 0*m - 3*m + 1. Give t(-1).
-6
Let g(o) = 25*o - 3. Let p be g(3). Let x(t) = 37*t + 1. Let s be x(2). Let z = p - s. Let h(w) = -w**2 - 3*w - 1. What is h(z)?
-1
Let f(i) be the first derivative of -5*i**2/2 - 14*i - 43. Let q be f(-4). Let k(d) = d**2 - 3*d + 1. Calculate k(q).
19
Let g(t) = t**2 - 38*t - 312. Let l be g(-7). Let h(b) = -17*b + 31. Determine h(l).
-20
Suppose -2968 - 278 = 6*z. Let c = z - -555. Let x(y) = y**2 - 13*y - 23. Give x(c).
-9
Let d(k) = 9*k + 3*k - 5*k**3 + 6*k**3 + 13 + 11*k**2 + 0*k. Suppose 123*h + 90 = 57*h + 57*h. Determine d(h).
-7
Suppose -2*g - 3*r + 18 = 0, -r + 11 = g + 1. Let o(i) = i + 16. Calculate o(g).
28
Let x be -10 - (18 - 17) - (-46)/4. Let j(k) be the first derivative of 6 - x*k**2 + k. Give j(3).
-2
Let o(t) = t**2 - 10*t + 28. Let w be o(5). Let v(r) = -r + w + 4 + 5. What is v(0)?
12
Let g(h) be the second derivative of 18*h + 7*h**2 + 1/6*h**3 + 0. Let r be g(-7). Let y(p) = -p**3 + 6*p**2 + 7*p - 10. What is y(r)?
-10
Let i(z) = -135 + 3*z + 23 + 89. What is i(0)?
-23
Suppose 0 = 2*p, 3*r + 0*p - 2*p = 93. Suppose -4 = 29*n - r*n. Let o(f) = -1 + n + f**2 - 1 + f + 3. Calculate o(0).
3
Let u(y) be the first derivative of -2*y**3 - y**2/2 + y - 1. Let o(k) = -7*k**3 + 103*k**2 + 9*k + 316. Let a be o(15). Determine u(a).
-6
Let s(y) = y**2. Let f(u) = -15*u**2 - 9*u - 17. Let t be f(-2). Let g = 56 + t. Determine s(g).
9
Let x(c) = -9*c - 25. Let i(q) = -3*q - 8. Let y(s) = -8*i(s) + 3*x(s). Suppose 73*p = -3*h + 72*p + 22, -2*h = -4*p - 24. Calculate y(h).
-35
Let p(o) = 25*o**2 - 129*o - 40. Let l(g) = 9*g**2 - 45*g - 13. Let v(y) = 14*l(y) - 5*p(y). Determine v(-12).
-18
Let x(m) = -m**3 - 14*m**2 - 14*m + 185. Let u be x(-11). Let b(r) = -3*r**2 - 72*r - 8. Give b(u).
-8
Suppose 0 = -3*f - f - i + 28, -3*i + 24 = 2*f. Let h = 3 + f. Let o(n) = 317*n - 60 + 44 - 316*n. What is o(h)?
-7
Let i(l) = -13*l**2 - 6*l - 76. Let b(t) = 5*t**2 + 3*t + 37. Let q(y) = -5*b(y) - 2*i(y). Calculate q(0).
-33
Let l(d) = d**3 + 18*d**2 - 18*d + 30. Suppose -228 = 14*w + 38. Determine l(w).
11
Let t(k) = -k**3 + 3*k**2 + 2. Let v(g) = -2*g + 9. Let h be v(3). Let s be t(h). Suppose -3*w = w - s*w. Let m(a) = -a + 17. Give m(w).
17
Let u be (15 + 1872/(-126))*-7. Let r(p) = -13*p**2 + 10*p + 11. Calculate r(u).
-12
Let i be 36/84 + 1/((-7)/(-4)). Let y(o) = 5*o + 0*o - 14 - 6*o - i. Let x = 99 - 106. Determine y(x).
-8
Let j(t) = -2*t + 15. Suppose 7*z = 8 - 57. Let i(w) be the third derivative of w**4/24 - 4*w**3/3 + 8*w**2. Let l(d) = z*i(d) - 3*j(d). Calculate l(9).
2
Let w(k) = 5*k + 88. Let a(i) = -5*i**2 - 3*i + 73. Let q be a(4). Calculate w(q).
-7
Let a(z) = 35*z**2 + z + 1. Let m be a(-1). Let f be ((-12)/(-10))/(((-42)/m)/6). Let k(l) = 3*l + 19. Give k(f).
1
Let z(k) = -4*k**2 - 48*k + 13. Let i(t) = -t**2 - 18*t + 4. Let c(v) = -8*i(v) + 3*z(v). Determine c(3).
-29
Let g = -1 - -1. Let i(d) = -d**3 + d**2 + d - 2. Let b be i(g). Let t(a) be the first derivative of -a**3/3 - 3*a**2/2 - 2*a - 20182. What is t(b)?
0
Let x(s) = -46*s + 18*s - 5 + 0 - 6*s - 4 + 33*s. Let n be 3 + -1 - 35 - -2. Let d be n/4 + 2/(-8). What is x(d)?
-1
Let q(p) = 3*p + 1. Let m(g) = -g**2 + 4*g - 16. Let i be m(7). Let v be (222/i)/(1 + 22/(-16)). Suppose -3*k = -v*k + 13. Determine q(k).
4
Let n(p) = 4*p + 56 + 45 + 11 + 7*p. Determine n(-9).
13
Let v(x) = 2*x + 7. Let g(y) = 34 - 19 + 4*y - 9*y - 27. Let b(l) = 4*g(l) + 9*v(l). Calculate b(10).
-5
Let c(j) = -j**3 - 3*j**2 + 2*j - 4. Let m be c(-4). Suppose -m*w - 8 = 4*p, -2*w = -5*p + 10 + 15. Let a(g) = g**2 + 3*g - 2. Determine a(p).
16
Let a(s) = -10*s**2 - 3*s + 12. Let w(u) = -2*u**3 + 3*u**2 - 21*u - 23. Let j be w(-1). Determine a(j).
-87
Suppose -4*c = 5*a + 110, -5*a - 1626 = 5*c - 1516. Let h(r) = -r**2 - 27*r - 110. Calculate h(a).
0
Let b(m) = m**3 + 5*m**2 - 11*m - 60. Let u be b(-5). Let z(k) = -k - 12. What is z(u)?
-7
Let p = -22 - -24. Let y(q) = 37*q**2 - 107*q**p + 35*q**2 + q + 2 + 36*q**2. Determine y(-5).
22
Let c be 109 + (2 - (3 + 0)). Suppose -11*j + c = 31. Let v(w) = 4*w**2 - j*w - 19 - 3*w**2 + 25. Give v(4).
-6
Let k(c) be the first derivative of -c**4/4 - 7*c**3/3 + c**2 + 10*c + 2. Let g be 10/90*0 - (2 + 5). Give k(g).
-4
Suppose -152 = 4*k + d - 143, -5*k + d = 27. Let x(y) = -37*y - 117. Determine x(k).
31
Let x(r) = -r**3 - 9*r**2 + 9*r - 2. Let c be x(-7). Let q = c - -160. Let g(i) = -i**3 - 3*i**2 + 4*i + 3. Calculate g(q).
-9
Let y(r) be the first derivative of r**3/3 + r**2 + 6*r - 1962. Calculate y(0).
6
Let p(y) = -5*y**3 - 11*y**2 + 10*y + 50. Let w(i) = -4*i**3 - 10*i**2 + 9*i + 41. Let r(t) = 5*p(t) - 6*w(t). Calculate r(7).
-122
Let x(n) = n**3 + 5*n**2 + 6. Let p be x(-5). Let y be ((-10)/6)/(-7 - (-185)/30). Let k(h) = -2*h + y*h + 2*h - 3*h + 5. What is k(p)?
-1
Let r be 1 + (-13)/(-9) + 804/(-1809). Suppose -25*w = -24*w - 4, 5*u + r*w + 17 = 0. Let b(n) = 3*n + 7. Calculate b(u).
-8
Suppose 0 = -6*j + j - 35, 2*j + 24 = 2*n. Let s(q) = -q**3 + 3*q**2 + 7*q + 7. Calculate s(n).
-8
Let p = -94 - -97. Suppose 19*g + 35 = -p. Let l(d) = 2*d - 8*d + 0*d - 3. Give l(g).
9
Let x(u) = -16*u - 4. Let o(c) = -c + 19. Let j be o(19). Let n(d) = 0 + j - 1 - 4*d + d. Let m(f) = 11*n(f) - 2*x(f). What is m(-6)?
3
Let m = 20 + -25. Let o = -3 - m. Let q(w) = 2*w + 8 + 2*w - o*w. Calculate q(-6).
-4
Let b(q) = 54*q**3 - 5*q**2 - 38*q - 33. Let o(m) = -150*m**3 + 14*m**2 + 112*m + 98. Let i(f) = 11*b(f) + 4*o(f). What is i(-1)?
6
Let k(f) = -32*f - 25. Let g(r) = -10*r - 2. Let i(d) = -4*g(d) + k(d). Calculate i(5).
23
Let x